{"id":456,"date":"2015-01-05T18:15:03","date_gmt":"2015-01-05T18:15:03","guid":{"rendered":"http:\/\/bsvdeilinghofen.de\/wpde\/?page_id=456"},"modified":"2023-09-16T12:16:04","modified_gmt":"2023-09-16T10:16:04","slug":"termine-der-fahnenabteilung","status":"publish","type":"page","link":"https:\/\/bsvdeilinghofen.de\/Neuigkeiten\/formationen\/fahnenabteilung\/termine-der-fahnenabteilung\/","title":{"rendered":"Termine \/ Bilder \/ Berichte der Fahnenabteilung"},"content":{"rendered":"<div class=\"menu-fahne-container\"><ul id=\"menu-fahne\" class=\"menu\"><li id=\"menu-item-2087\" class=\"menu-item menu-item-type-post_type menu-item-object-page menu-item-2087\"><a href=\"https:\/\/bsvdeilinghofen.de\/Neuigkeiten\/formationen\/fahnenabteilung\/geschichte-der-fahnenabteilung\/\">Geschichte<\/a><\/li>\n<li id=\"menu-item-2088\" class=\"menu-item menu-item-type-post_type menu-item-object-page menu-item-2088\"><a href=\"https:\/\/bsvdeilinghofen.de\/Neuigkeiten\/formationen\/fahnenabteilung\/kompaniekoenige-fahnenabteilung\/\">Kompaniek\u00f6nige<\/a><\/li>\n<li id=\"menu-item-2089\" class=\"menu-item menu-item-type-post_type menu-item-object-page menu-item-2089\"><a href=\"https:\/\/bsvdeilinghofen.de\/Neuigkeiten\/formationen\/fahnenabteilung\/koenigshaeuser-fahnenabteilung\/\">K\u00f6nigsh\u00e4user<\/a><\/li>\n<li id=\"menu-item-2090\" class=\"menu-item menu-item-type-post_type menu-item-object-page menu-item-2090\"><a href=\"https:\/\/bsvdeilinghofen.de\/Neuigkeiten\/formationen\/fahnenabteilung\/termine-der-fahnenabteilung\/\">Termine<\/a><\/li>\n<li id=\"menu-item-2091\" class=\"menu-item menu-item-type-post_type menu-item-object-page menu-item-2091\"><a href=\"https:\/\/bsvdeilinghofen.de\/Neuigkeiten\/formationen\/fahnenabteilung\/vorstand-fahnenabteilung\/\">Vorstand<\/a><\/li>\n<\/ul><\/div>\n<hr \/>\n<p>Schie\u00dftermine:<\/p>\n<table style=\"height: 46px; width: 100%; border-collapse: collapse; border-width: 0px;\">\n<tbody>\n<tr style=\"height: 23px;\">\n<td style=\"width: 16.6667%; height: 23px; text-align: center; border-width: 0px;\">15.02.2023<\/td>\n<td style=\"width: 16.6667%; height: 23px; text-align: center; border-width: 0px;\">15.03.2023<\/td>\n<td style=\"width: 16.6667%; height: 23px; text-align: center; border-width: 0px;\">12.04.2023<\/td>\n<td style=\"width: 16.6667%; height: 23px; text-align: center; border-width: 0px;\">10.05.2023<\/td>\n<td style=\"width: 16.6667%; height: 23px; text-align: center; border-width: 0px;\">10.06.2023<\/td>\n<\/tr>\n<tr style=\"height: 23px;\">\n<td style=\"width: 16.6667%; height: 23px; text-align: center; border-width: 0px;\">12.07.2023<\/td>\n<td style=\"width: 16.6667%; height: 23px; text-align: center; border-width: 0px;\">09.08.2023<\/td>\n<td style=\"width: 16.6667%; height: 23px; text-align: center; border-width: 0px;\">13.09.2023<\/td>\n<td style=\"width: 16.6667%; height: 23px; text-align: center; border-width: 0px;\">11.10.2023<\/td>\n<td style=\"width: 16.6667%; height: 23px; text-align: center; border-width: 0px;\">08.11.2023<\/td>\n<\/tr>\n<\/tbody>\n<\/table>\n<p style=\"text-align: center;\">jeweils ab 19:00 Uhr am Sch\u00fctzenheim<\/p>\n<h2 style=\"text-align: center;\"><span style=\"text-decoration: underline; color: #ffff00;\"><strong>An den Schie\u00dfabenden ist jeder der gerne Luftgewehr schie\u00dft<br \/>\n<\/strong><\/span><span style=\"text-decoration: underline; color: #ffff00;\"><strong>und die Fahnenabteilung kennenlernen\u00a0<\/strong><\/span><span style=\"text-decoration: underline; color: #ffff00;\"><strong>m\u00f6chte herzlich Willkommen!<\/strong><\/span><\/h2>\n<h3><\/h3>\n<hr \/>\n<p>Bilder:<\/p>\n<p><img loading=\"lazy\" decoding=\"async\" class=\"alignnone wp-image-1024\" src=\"https:\/\/bsvdeilinghofen.de\/wpde\/wp-content\/uploads\/2015\/01\/Fahne-04-1024-300x214.jpg\" alt=\"Fahne-04-1024\" width=\"153\" height=\"109\" \/>\u00a0<img loading=\"lazy\" decoding=\"async\" class=\"alignnone wp-image-1025\" src=\"https:\/\/bsvdeilinghofen.de\/wpde\/wp-content\/uploads\/2015\/01\/Fahne-01-1024-300x221.jpg\" alt=\"Fahne-01-1024\" width=\"148\" height=\"109\" \/>\u00a0<img loading=\"lazy\" decoding=\"async\" class=\"alignnone wp-image-1027\" src=\"https:\/\/bsvdeilinghofen.de\/wpde\/wp-content\/uploads\/2015\/01\/I000140-1024-300x225.jpg\" alt=\"OLYMPUS DIGITAL CAMERA\" width=\"144\" height=\"108\" \/><\/p>\n<hr \/>\n<p>Berichte:<\/p>\n","protected":false},"excerpt":{"rendered":"<p>Schie\u00dftermine: 15.02.2023 15.03.2023 12.04.2023 10.05.2023 10.06.2023 12.07.2023 09.08.2023 13.09.2023 11.10.2023 08.11.2023 jeweils ab 19:00 Uhr am Sch\u00fctzenheim An den Schie\u00dfabenden ist jeder der gerne Luftgewehr schie\u00dft und die Fahnenabteilung kennenlernen\u00a0m\u00f6chte herzlich Willkommen! Bilder: \u00a0\u00a0 Berichte:<\/p>\n","protected":false},"author":1,"featured_media":0,"parent":124,"menu_order":0,"comment_status":"closed","ping_status":"closed","template":"page-full-width.php","meta":{"footnotes":""},"class_list":["post-456","page","type-page","status-publish","hentry"],"_links":{"self":[{"href":"https:\/\/bsvdeilinghofen.de\/Neuigkeiten\/wp-json\/wp\/v2\/pages\/456","targetHints":{"allow":["GET"]}}],"collection":[{"href":"https:\/\/bsvdeilinghofen.de\/Neuigkeiten\/wp-json\/wp\/v2\/pages"}],"about":[{"href":"https:\/\/bsvdeilinghofen.de\/Neuigkeiten\/wp-json\/wp\/v2\/types\/page"}],"author":[{"embeddable":true,"href":"https:\/\/bsvdeilinghofen.de\/Neuigkeiten\/wp-json\/wp\/v2\/users\/1"}],"replies":[{"embeddable":true,"href":"https:\/\/bsvdeilinghofen.de\/Neuigkeiten\/wp-json\/wp\/v2\/comments?post=456"}],"version-history":[{"count":10,"href":"https:\/\/bsvdeilinghofen.de\/Neuigkeiten\/wp-json\/wp\/v2\/pages\/456\/revisions"}],"predecessor-version":[{"id":3854,"href":"https:\/\/bsvdeilinghofen.de\/Neuigkeiten\/wp-json\/wp\/v2\/pages\/456\/revisions\/3854"}],"up":[{"embeddable":true,"href":"https:\/\/bsvdeilinghofen.de\/Neuigkeiten\/wp-json\/wp\/v2\/pages\/124"}],"wp:attachment":[{"href":"https:\/\/bsvdeilinghofen.de\/Neuigkeiten\/wp-json\/wp\/v2\/media?parent=456"}],"curies":[{"name":"wp","href":"https:\/\/api.w.org\/{rel}","templated":true}]}}