{"id":451,"date":"2015-01-05T18:12:36","date_gmt":"2015-01-05T18:12:36","guid":{"rendered":"http:\/\/bsvdeilinghofen.de\/wpde\/?page_id=451"},"modified":"2023-03-15T21:29:00","modified_gmt":"2023-03-15T20:29:00","slug":"vorstand-artillerie","status":"publish","type":"page","link":"https:\/\/bsvdeilinghofen.de\/Neuigkeiten\/formationen\/artillerie\/vorstand-artillerie\/","title":{"rendered":"Vorstand Artillerie"},"content":{"rendered":"<div class=\"menu-artillerie-container\"><ul id=\"menu-artillerie\" class=\"menu\"><li id=\"menu-item-2082\" class=\"menu-item menu-item-type-post_type menu-item-object-page menu-item-2082\"><a href=\"https:\/\/bsvdeilinghofen.de\/Neuigkeiten\/formationen\/artillerie\/geschichte-der-artillerie\/\">Geschichte<\/a><\/li>\n<li id=\"menu-item-2084\" class=\"menu-item menu-item-type-post_type menu-item-object-page menu-item-2084\"><a href=\"https:\/\/bsvdeilinghofen.de\/Neuigkeiten\/formationen\/artillerie\/koenigshaeuser-artillerie\/\">K\u00f6nigsh\u00e4user<\/a><\/li>\n<li id=\"menu-item-2083\" class=\"menu-item menu-item-type-post_type menu-item-object-page menu-item-2083\"><a href=\"https:\/\/bsvdeilinghofen.de\/Neuigkeiten\/formationen\/artillerie\/kompaniekoenige-artillerie\/\">Kompaniek\u00f6nige<\/a><\/li>\n<li id=\"menu-item-2085\" class=\"menu-item menu-item-type-post_type menu-item-object-page menu-item-2085\"><a href=\"https:\/\/bsvdeilinghofen.de\/Neuigkeiten\/formationen\/artillerie\/termine-der-artillerie\/\">Termine<\/a><\/li>\n<li id=\"menu-item-2086\" class=\"menu-item menu-item-type-post_type menu-item-object-page menu-item-2086\"><a href=\"https:\/\/bsvdeilinghofen.de\/Neuigkeiten\/formationen\/artillerie\/vorstand-artillerie\/\">Vorstand<\/a><\/li>\n<\/ul><\/div>\n<hr \/>\n<p>Kompaniechef: Major Nicholas Bauerhaus<\/p>\n<p>stellv. Kompaniechef: Lukas Kirmes<\/p>\n<p>Schriftf\u00fchrer: Cedrik Kutschelis<\/p>\n<p>stellv. Schriftf\u00fchrer: Holm Diekenbrock<\/p>\n<p>Verwaltungschef: Lukas Kirmes<\/p>\n<p>stellv. Verwaltungschef: Klaus Thom<\/p>\n<p>Spie\u00df der Kompanie: J\u00fcrgen Sandrock<\/p>\n","protected":false},"excerpt":{"rendered":"<p>Kompaniechef: Major Nicholas Bauerhaus stellv. Kompaniechef: Lukas Kirmes Schriftf\u00fchrer: Cedrik Kutschelis stellv. Schriftf\u00fchrer: Holm Diekenbrock Verwaltungschef: Lukas Kirmes stellv. Verwaltungschef: Klaus Thom Spie\u00df der Kompanie: J\u00fcrgen Sandrock<\/p>\n","protected":false},"author":1,"featured_media":0,"parent":123,"menu_order":0,"comment_status":"closed","ping_status":"closed","template":"page-full-width.php","meta":{"footnotes":""},"class_list":["post-451","page","type-page","status-publish","hentry"],"_links":{"self":[{"href":"https:\/\/bsvdeilinghofen.de\/Neuigkeiten\/wp-json\/wp\/v2\/pages\/451","targetHints":{"allow":["GET"]}}],"collection":[{"href":"https:\/\/bsvdeilinghofen.de\/Neuigkeiten\/wp-json\/wp\/v2\/pages"}],"about":[{"href":"https:\/\/bsvdeilinghofen.de\/Neuigkeiten\/wp-json\/wp\/v2\/types\/page"}],"author":[{"embeddable":true,"href":"https:\/\/bsvdeilinghofen.de\/Neuigkeiten\/wp-json\/wp\/v2\/users\/1"}],"replies":[{"embeddable":true,"href":"https:\/\/bsvdeilinghofen.de\/Neuigkeiten\/wp-json\/wp\/v2\/comments?post=451"}],"version-history":[{"count":6,"href":"https:\/\/bsvdeilinghofen.de\/Neuigkeiten\/wp-json\/wp\/v2\/pages\/451\/revisions"}],"predecessor-version":[{"id":3343,"href":"https:\/\/bsvdeilinghofen.de\/Neuigkeiten\/wp-json\/wp\/v2\/pages\/451\/revisions\/3343"}],"up":[{"embeddable":true,"href":"https:\/\/bsvdeilinghofen.de\/Neuigkeiten\/wp-json\/wp\/v2\/pages\/123"}],"wp:attachment":[{"href":"https:\/\/bsvdeilinghofen.de\/Neuigkeiten\/wp-json\/wp\/v2\/media?parent=451"}],"curies":[{"name":"wp","href":"https:\/\/api.w.org\/{rel}","templated":true}]}}

<div class="menu-artillerie-container"><ul id="menu-artillerie" class="menu"><li id="menu-item-2082" class="menu-item menu-item-type-post_type menu-item-object-page menu-item-2082"><a href="https://bsvdeilinghofen.de/Neuigkeiten/formationen/artillerie/geschichte-der-artillerie/">Geschichte</a></li>
<li id="menu-item-2084" class="menu-item menu-item-type-post_type menu-item-object-page menu-item-2084"><a href="https://bsvdeilinghofen.de/Neuigkeiten/formationen/artillerie/koenigshaeuser-artillerie/">Königshäuser</a></li>
<li id="menu-item-2083" class="menu-item menu-item-type-post_type menu-item-object-page menu-item-2083"><a href="https://bsvdeilinghofen.de/Neuigkeiten/formationen/artillerie/kompaniekoenige-artillerie/">Kompaniekönige</a></li>
<li id="menu-item-2085" class="menu-item menu-item-type-post_type menu-item-object-page menu-item-2085"><a href="https://bsvdeilinghofen.de/Neuigkeiten/formationen/artillerie/termine-der-artillerie/">Termine</a></li>
<li id="menu-item-2086" class="menu-item menu-item-type-post_type menu-item-object-page menu-item-2086"><a href="https://bsvdeilinghofen.de/Neuigkeiten/formationen/artillerie/vorstand-artillerie/">Vorstand</a></li>
</ul></div>
<hr />
<p>Kompaniechef: Major Nicholas Bauerhaus</p>
<p>stellv. Kompaniechef: Lukas Kirmes</p>
<p>Schriftführer: Cedrik Kutschelis</p>
<p>stellv. Schriftführer: Holm Diekenbrock</p>
<p>Verwaltungschef: Lukas Kirmes</p>
<p>stellv. Verwaltungschef: Klaus Thom</p>
<p>Spieß der Kompanie: Jürgen Sandrock</p>

<p>Kompaniechef: Major Nicholas Bauerhaus stellv. Kompaniechef: Lukas Kirmes Schriftführer: Cedrik Kutschelis stellv. Schriftführer: Holm Diekenbrock Verwaltungschef: Lukas Kirmes stellv. Verwaltungschef: Klaus Thom Spieß der Kompanie: Jürgen Sandrock</p>
