{"id":423,"date":"2015-01-05T17:56:39","date_gmt":"2015-01-05T17:56:39","guid":{"rendered":"http:\/\/bsvdeilinghofen.de\/wpde\/?page_id=423"},"modified":"2024-11-11T19:28:03","modified_gmt":"2024-11-11T18:28:03","slug":"geschichte-2-kompanie","status":"publish","type":"page","link":"https:\/\/bsvdeilinghofen.de\/Neuigkeiten\/formationen\/2-kompanie\/geschichte-2-kompanie\/","title":{"rendered":"Geschichte 2. Kompanie"},"content":{"rendered":"<div class=\"menu-kompanie-2-container\"><ul id=\"menu-kompanie-2\" class=\"menu\"><li id=\"menu-item-2076\" class=\"menu-item menu-item-type-post_type menu-item-object-page menu-item-2076\"><a href=\"https:\/\/bsvdeilinghofen.de\/Neuigkeiten\/formationen\/2-kompanie\/geschichte-2-kompanie\/\">Geschichte<\/a><\/li>\n<li id=\"menu-item-2078\" class=\"menu-item menu-item-type-post_type menu-item-object-page menu-item-2078\"><a href=\"https:\/\/bsvdeilinghofen.de\/Neuigkeiten\/formationen\/2-kompanie\/koenigshaeuser-2-kompanie\/\">K\u00f6nigsh\u00e4user<\/a><\/li>\n<li id=\"menu-item-2077\" class=\"menu-item menu-item-type-post_type menu-item-object-page menu-item-2077\"><a href=\"https:\/\/bsvdeilinghofen.de\/Neuigkeiten\/formationen\/2-kompanie\/kompaniekoenige\/\">Kp. K\u00f6nigs- u. Kaiserpaare<\/a><\/li>\n<li id=\"menu-item-2079\" class=\"menu-item menu-item-type-post_type menu-item-object-page menu-item-2079\"><a href=\"https:\/\/bsvdeilinghofen.de\/Neuigkeiten\/formationen\/2-kompanie\/termine-2-kompanie\/\">Termine<\/a><\/li>\n<li id=\"menu-item-2080\" class=\"menu-item menu-item-type-post_type menu-item-object-page menu-item-2080\"><a href=\"https:\/\/bsvdeilinghofen.de\/Neuigkeiten\/formationen\/2-kompanie\/vorstand-2-kompanie\/\">Vorstand<\/a><\/li>\n<\/ul><\/div>\n<hr \/>\n<p style=\"text-align: justify;\">Die 2. Kompanie wurde im Jahre 1969 von Walter Edelhoff und Hans Papke gegr\u00fcndet. 1970 marschierte die 2. Kompanie unter Leitung von Walter Edelhoff erstmals als geschlossene Abteilung im Festzug mit.<\/p>\n<p style=\"text-align: justify;\">Im Jahre 1974 wurde Hans Papke zum Kompanief\u00fchrer bestimmt. Dieses Amt bekleidete er bis zu seinem Tode im Jahre 1979. Als Nachfolger wurde auf der Jahreshauptversammlung 1980 Willi Ising gew\u00e4hlt. 1982 wurde Willi Ising von dem Sch\u00fctzenbruder Wolfgang Mulch abgel\u00f6st. Seit 1992 werden die Geschicke der 2. Kompanie von Werner Knaf gesteuert.<\/p>\n<p style=\"text-align: justify;\">Seit 1976 veranstaltet die 2. Kompanie ein internes K\u00f6nigsschie\u00dfen. 1985 fand erstmals ein Kompanie-Kaiser-Schie\u00dfen statt. Aus diesem Wettbewerb ging Fritz Thom als Sieger hervor. Fritz Thom, ein Sch\u00fctzenbruder der ersten Stunde, der als Spie\u00df (Mutter der Komp.)<\/p>\n<p>Auf Werner Knaf folgten Uli Kleinschmidt und Udo Hepping als Kompaniechefs.<\/p>\n<p>Einen Aufschwung erlebte die Kompanie 2014 durch die neue Kompanief\u00fchrung Frank Bergamoz und dem Spie\u00df Markus Brenke. Es wurde ein deutlicher Mitgliederzuwachs verzeichnet und die anstehenden Aufgaben wieder auf mehreren Schultern verteilt.<\/p>\n<p><span style=\"color: #3366ff;\"><em><strong>Im Jahr 2021 \u00fcbernahm Thorsten Schmerder die Kompanief\u00fchrung und als Spie\u00df stand im Lukas Gillmann zur Seite.<\/strong><\/em><\/span><\/p>\n<p>Bereits 2023 wurde die Kompanief\u00fchrung durch Markus Brenke \u00fcbernommen, als<\/p>\n<p>Spie\u00df steht ihm Christoph Bu\u00dfmann zur Seite.<\/p>\n<p style=\"text-align: justify;\">Die zweite Kompanie versteht sich ausdr\u00fccklich als ,,\u00a0<em><strong><span style=\"color: #ff0000;\">Familienkompanie &#8222;<span style=\"color: #000000;\">. <span style=\"color: #00ff00;\">An den 14t\u00e4tigen Schiessabenden im Vereinsheim<\/span><\/span><\/span><\/strong><\/em><span style=\"color: #00ff00;\"> nehmen stets zahlreiche Frauen und Kinder teil. Ob jung oder alt , jeder ist willkommen . Beim letzten Sch\u00fctzenfest 2019 maschierte Familie Schmidt sogar mit 3 Generationen mit.Die Kompanie begleitet alle Festlichkeiten eines Sch\u00fctzenjahres und unterst\u00fctzt die Veranstaltungen des Bataillons mit grossen Engagement. Dazu geh\u00f6ren u.a. das Osterfeuer ,das Kinder &#8211; u. Jugendsch\u00fctzenfest und nat\u00fcrlich das Sch\u00fctzenfest als Jahresh\u00f6hepunkt. Weiterhin seit vielen Jahren besteht eine freundschaftliche Verbindung zu den alten Herren des SV Deilinghofen -Sundwig, die regelm\u00e4\u00dfig zur gegenseitigen Bewirtung beim Kompanieball bzw. zur Weihnachtsfeier der Alten Herren f\u00fchrt.Auch die j\u00e4hrliche stattfindende Kompanie-Weihnachtsfeier ,bei der eine abendliche Fackelwanderung durch winterliche Dorf und seine W\u00e4lder nicht fehlen darf, entfaltet ihren ganz besoderen Charme erst , wenn ,,Kind und Kegel&#8220; mit von der Partie sind. Geselligkeit und Gem\u00fctlichkeit geh\u00f6ren zu den vornehmsten Eigenschaften, die die Mitglieder der zweiten Kompanie sich auf die Fahne geschrieben haben. B\u00f6se Zungen behaupten , es habe mal ein Sch\u00fctzenfest im Dorf gegeben, da sei die ,,Vorbereitung&#8220; auf den mont\u00e4glichen Festzug an einem aufgebauten Bierstand so gesellig verlaufen , da habe man glatt den rechtzeitigen Aufbruch zum Abmarsch vers\u00e4umt&#8230;<\/span><\/p>\n<p><span style=\"color: #00ff00;\"><em><strong>F\u00fcr die Zukunft w\u00fcnschen wir uns weiterhin eine gute Zusammenarbeit mit den anderen Formationen und dem gesch\u00e4ftsf\u00fchrenden Vorstand.<\/strong><\/em><\/span><\/p>\n<p><span style=\"color: #99cc00;\"><em><strong>In diesem Sinne ein 3 faches\u00a0 kr\u00e4ftiges\u00a0 HORRIDO !!!!!!<\/strong><\/em><\/span><\/p>\n<p style=\"text-align: justify;\">\n","protected":false},"excerpt":{"rendered":"<p>Die 2. Kompanie wurde im Jahre 1969 von Walter Edelhoff und Hans Papke gegr\u00fcndet. 1970 marschierte die 2. Kompanie unter Leitung von Walter Edelhoff erstmals als geschlossene Abteilung im Festzug mit. Im Jahre 1974 wurde Hans Papke zum Kompanief\u00fchrer bestimmt. Dieses Amt bekleidete er bis zu seinem Tode im Jahre 1979. Als Nachfolger wurde auf [&hellip;]<\/p>\n","protected":false},"author":12,"featured_media":0,"parent":122,"menu_order":0,"comment_status":"closed","ping_status":"closed","template":"page-full-width.php","meta":{"footnotes":""},"class_list":["post-423","page","type-page","status-publish","hentry"],"_links":{"self":[{"href":"https:\/\/bsvdeilinghofen.de\/Neuigkeiten\/wp-json\/wp\/v2\/pages\/423","targetHints":{"allow":["GET"]}}],"collection":[{"href":"https:\/\/bsvdeilinghofen.de\/Neuigkeiten\/wp-json\/wp\/v2\/pages"}],"about":[{"href":"https:\/\/bsvdeilinghofen.de\/Neuigkeiten\/wp-json\/wp\/v2\/types\/page"}],"author":[{"embeddable":true,"href":"https:\/\/bsvdeilinghofen.de\/Neuigkeiten\/wp-json\/wp\/v2\/users\/12"}],"replies":[{"embeddable":true,"href":"https:\/\/bsvdeilinghofen.de\/Neuigkeiten\/wp-json\/wp\/v2\/comments?post=423"}],"version-history":[{"count":6,"href":"https:\/\/bsvdeilinghofen.de\/Neuigkeiten\/wp-json\/wp\/v2\/pages\/423\/revisions"}],"predecessor-version":[{"id":4093,"href":"https:\/\/bsvdeilinghofen.de\/Neuigkeiten\/wp-json\/wp\/v2\/pages\/423\/revisions\/4093"}],"up":[{"embeddable":true,"href":"https:\/\/bsvdeilinghofen.de\/Neuigkeiten\/wp-json\/wp\/v2\/pages\/122"}],"wp:attachment":[{"href":"https:\/\/bsvdeilinghofen.de\/Neuigkeiten\/wp-json\/wp\/v2\/media?parent=423"}],"curies":[{"name":"wp","href":"https:\/\/api.w.org\/{rel}","templated":true}]}}

<div class="menu-kompanie-2-container"><ul id="menu-kompanie-2" class="menu"><li id="menu-item-2076" class="menu-item menu-item-type-post_type menu-item-object-page menu-item-2076"><a href="https://bsvdeilinghofen.de/Neuigkeiten/formationen/2-kompanie/geschichte-2-kompanie/">Geschichte</a></li>
<li id="menu-item-2078" class="menu-item menu-item-type-post_type menu-item-object-page menu-item-2078"><a href="https://bsvdeilinghofen.de/Neuigkeiten/formationen/2-kompanie/koenigshaeuser-2-kompanie/">Königshäuser</a></li>
<li id="menu-item-2077" class="menu-item menu-item-type-post_type menu-item-object-page menu-item-2077"><a href="https://bsvdeilinghofen.de/Neuigkeiten/formationen/2-kompanie/kompaniekoenige/">Kp. Königs- u. Kaiserpaare</a></li>
<li id="menu-item-2079" class="menu-item menu-item-type-post_type menu-item-object-page menu-item-2079"><a href="https://bsvdeilinghofen.de/Neuigkeiten/formationen/2-kompanie/termine-2-kompanie/">Termine</a></li>
<li id="menu-item-2080" class="menu-item menu-item-type-post_type menu-item-object-page menu-item-2080"><a href="https://bsvdeilinghofen.de/Neuigkeiten/formationen/2-kompanie/vorstand-2-kompanie/">Vorstand</a></li>
</ul></div>
<hr />
<p style="text-align: justify;">Die 2. Kompanie wurde im Jahre 1969 von Walter Edelhoff und Hans Papke gegründet. 1970 marschierte die 2. Kompanie unter Leitung von Walter Edelhoff erstmals als geschlossene Abteilung im Festzug mit.</p>
<p style="text-align: justify;">Im Jahre 1974 wurde Hans Papke zum Kompanieführer bestimmt. Dieses Amt bekleidete er bis zu seinem Tode im Jahre 1979. Als Nachfolger wurde auf der Jahreshauptversammlung 1980 Willi Ising gewählt. 1982 wurde Willi Ising von dem Schützenbruder Wolfgang Mulch abgelöst. Seit 1992 werden die Geschicke der 2. Kompanie von Werner Knaf gesteuert.</p>
<p style="text-align: justify;">Seit 1976 veranstaltet die 2. Kompanie ein internes Königsschießen. 1985 fand erstmals ein Kompanie-Kaiser-Schießen statt. Aus diesem Wettbewerb ging Fritz Thom als Sieger hervor. Fritz Thom, ein Schützenbruder der ersten Stunde, der als Spieß (Mutter der Komp.)</p>
<p>Auf Werner Knaf folgten Uli Kleinschmidt und Udo Hepping als Kompaniechefs.</p>
<p>Einen Aufschwung erlebte die Kompanie 2014 durch die neue Kompanieführung Frank Bergamoz und dem Spieß Markus Brenke. Es wurde ein deutlicher Mitgliederzuwachs verzeichnet und die anstehenden Aufgaben wieder auf mehreren Schultern verteilt.</p>
<p><span style="color: #3366ff;"><em><strong>Im Jahr 2021 übernahm Thorsten Schmerder die Kompanieführung und als Spieß stand im Lukas Gillmann zur Seite.</strong></em></span></p>
<p>Bereits 2023 wurde die Kompanieführung durch Markus Brenke übernommen, als</p>
<p>Spieß steht ihm Christoph Bußmann zur Seite.</p>
<p style="text-align: justify;">Die zweite Kompanie versteht sich ausdrücklich als ,, <em><strong><span style="color: #ff0000;">Familienkompanie &#8222;<span style="color: #000000;">. <span style="color: #00ff00;">An den 14tätigen Schiessabenden im Vereinsheim</span></span></span></strong></em><span style="color: #00ff00;"> nehmen stets zahlreiche Frauen und Kinder teil. Ob jung oder alt , jeder ist willkommen . Beim letzten Schützenfest 2019 maschierte Familie Schmidt sogar mit 3 Generationen mit.Die Kompanie begleitet alle Festlichkeiten eines Schützenjahres und unterstützt die Veranstaltungen des Bataillons mit grossen Engagement. Dazu gehören u.a. das Osterfeuer ,das Kinder &#8211; u. Jugendschützenfest und natürlich das Schützenfest als Jahreshöhepunkt. Weiterhin seit vielen Jahren besteht eine freundschaftliche Verbindung zu den alten Herren des SV Deilinghofen -Sundwig, die regelmäßig zur gegenseitigen Bewirtung beim Kompanieball bzw. zur Weihnachtsfeier der Alten Herren führt.Auch die jährliche stattfindende Kompanie-Weihnachtsfeier ,bei der eine abendliche Fackelwanderung durch winterliche Dorf und seine Wälder nicht fehlen darf, entfaltet ihren ganz besoderen Charme erst , wenn ,,Kind und Kegel&#8220; mit von der Partie sind. Geselligkeit und Gemütlichkeit gehören zu den vornehmsten Eigenschaften, die die Mitglieder der zweiten Kompanie sich auf die Fahne geschrieben haben. Böse Zungen behaupten , es habe mal ein Schützenfest im Dorf gegeben, da sei die ,,Vorbereitung&#8220; auf den montäglichen Festzug an einem aufgebauten Bierstand so gesellig verlaufen , da habe man glatt den rechtzeitigen Aufbruch zum Abmarsch versäumt&#8230;</span></p>
<p><span style="color: #00ff00;"><em><strong>Für die Zukunft wünschen wir uns weiterhin eine gute Zusammenarbeit mit den anderen Formationen und dem geschäftsführenden Vorstand.</strong></em></span></p>
<p><span style="color: #99cc00;"><em><strong>In diesem Sinne ein 3 faches  kräftiges  HORRIDO !!!!!!</strong></em></span></p>
<p style="text-align: justify;">

<p>Die 2. Kompanie wurde im Jahre 1969 von Walter Edelhoff und Hans Papke gegründet. 1970 marschierte die 2. Kompanie unter Leitung von Walter Edelhoff erstmals als geschlossene Abteilung im Festzug mit. Im Jahre 1974 wurde Hans Papke zum Kompanieführer bestimmt. Dieses Amt bekleidete er bis zu seinem Tode im Jahre 1979. Als Nachfolger wurde auf [&hellip;]</p>
