{"id":120,"date":"2014-12-18T15:56:49","date_gmt":"2014-12-18T15:56:49","guid":{"rendered":"http:\/\/bsvdeilinghofen.de\/wpde\/?page_id=43"},"modified":"2025-05-25T13:38:05","modified_gmt":"2025-05-25T11:38:05","slug":"1-kompanie","status":"publish","type":"page","link":"https:\/\/bsvdeilinghofen.de\/Neuigkeiten\/formationen\/1-kompanie\/","title":{"rendered":"1. Kompanie"},"content":{"rendered":"<div class=\"menu-1-kompanie-container\"><ul id=\"menu-1-kompanie\" class=\"menu\"><li id=\"menu-item-2073\" class=\"menu-item menu-item-type-post_type menu-item-object-page menu-item-2073\"><a href=\"https:\/\/bsvdeilinghofen.de\/Neuigkeiten\/formationen\/1-kompanie\/termine-1kompanie\/\">Termine<\/a><\/li>\n<li id=\"menu-item-2064\" class=\"menu-item menu-item-type-post_type menu-item-object-page menu-item-has-children menu-item-2064\"><a href=\"https:\/\/bsvdeilinghofen.de\/Neuigkeiten\/formationen\/1-kompanie\/geschichte-der-1-kompanie\/\">Geschichte<\/a>\n<ul class=\"sub-menu\">\n\t<li id=\"menu-item-2065\" class=\"menu-item menu-item-type-post_type menu-item-object-page menu-item-2065\"><a href=\"https:\/\/bsvdeilinghofen.de\/Neuigkeiten\/formationen\/1-kompanie\/geschichte-der-1-kompanie\/geschichte-der-1-kompanie\/\">Geschichte 1972 \u2013 1982<\/a><\/li>\n\t<li id=\"menu-item-2066\" class=\"menu-item menu-item-type-post_type menu-item-object-page menu-item-2066\"><a href=\"https:\/\/bsvdeilinghofen.de\/Neuigkeiten\/formationen\/1-kompanie\/geschichte-der-1-kompanie\/geschichte-1982-1992\/\">Geschichte 1982 \u2013 1992<\/a><\/li>\n\t<li id=\"menu-item-2067\" class=\"menu-item menu-item-type-post_type menu-item-object-page menu-item-2067\"><a href=\"https:\/\/bsvdeilinghofen.de\/Neuigkeiten\/formationen\/1-kompanie\/geschichte-der-1-kompanie\/geschichte-1992-2002\/\">Geschichte 1992 \u2013 2002<\/a><\/li>\n\t<li id=\"menu-item-2068\" class=\"menu-item menu-item-type-post_type menu-item-object-page menu-item-2068\"><a href=\"https:\/\/bsvdeilinghofen.de\/Neuigkeiten\/formationen\/1-kompanie\/geschichte-der-1-kompanie\/geschichte-2002-2012\/\">Geschichte 2002 \u2013 2012<\/a><\/li>\n\t<li id=\"menu-item-2069\" class=\"menu-item menu-item-type-post_type menu-item-object-page menu-item-2069\"><a href=\"https:\/\/bsvdeilinghofen.de\/Neuigkeiten\/formationen\/1-kompanie\/geschichte-der-1-kompanie\/geschichte-2012-heute\/\">Geschichte 2012 \u2013 2022<\/a><\/li>\n<\/ul>\n<\/li>\n<li id=\"menu-item-2063\" class=\"menu-item menu-item-type-post_type menu-item-object-page menu-item-2063\"><a href=\"https:\/\/bsvdeilinghofen.de\/Neuigkeiten\/formationen\/1-kompanie\/gaensekoenige\/\">G\u00e4nsek\u00f6nige<\/a><\/li>\n<li id=\"menu-item-2071\" class=\"menu-item menu-item-type-post_type menu-item-object-page menu-item-2071\"><a href=\"https:\/\/bsvdeilinghofen.de\/Neuigkeiten\/formationen\/1-kompanie\/koenigshaeuser-1-kompanie\/\">K\u00f6nigsh\u00e4user<\/a><\/li>\n<li id=\"menu-item-2072\" class=\"menu-item menu-item-type-post_type menu-item-object-page menu-item-2072\"><a href=\"https:\/\/bsvdeilinghofen.de\/Neuigkeiten\/formationen\/1-kompanie\/vorstand\/\">Vorstand<\/a><\/li>\n<li id=\"menu-item-2074\" class=\"menu-item menu-item-type-post_type menu-item-object-page menu-item-2074\"><a href=\"https:\/\/bsvdeilinghofen.de\/Neuigkeiten\/formationen\/1-kompanie\/termine\/\">Vorstand Historie<\/a><\/li>\n<\/ul><\/div>\n<hr \/>\n<h2 style=\"text-align: justify;\">AKTUELLES!!!<\/h2>\n<h2 style=\"text-align: justify;\">Neues G\u00e4nsek\u00f6nigspaar 2025:<br \/>\nAndreas &#8222;Jone&#8220; Jonescheit schlug die Gans ab und w\u00e4hlte Jenny Bianga zu seiner K\u00f6nigin.<\/h2>\n<p><img loading=\"lazy\" decoding=\"async\" class=\"alignnone size-large wp-image-4252\" src=\"https:\/\/bsvdeilinghofen.de\/Neuigkeiten\/wp-content\/uploads\/2025\/05\/Gaensekoenigspaar-2025s-635x1024.jpg\" alt=\"\" width=\"635\" height=\"1024\" srcset=\"https:\/\/bsvdeilinghofen.de\/Neuigkeiten\/wp-content\/uploads\/2025\/05\/Gaensekoenigspaar-2025s-635x1024.jpg 635w, https:\/\/bsvdeilinghofen.de\/Neuigkeiten\/wp-content\/uploads\/2025\/05\/Gaensekoenigspaar-2025s-186x300.jpg 186w, https:\/\/bsvdeilinghofen.de\/Neuigkeiten\/wp-content\/uploads\/2025\/05\/Gaensekoenigspaar-2025s-768x1238.jpg 768w, https:\/\/bsvdeilinghofen.de\/Neuigkeiten\/wp-content\/uploads\/2025\/05\/Gaensekoenigspaar-2025s-953x1536.jpg 953w, https:\/\/bsvdeilinghofen.de\/Neuigkeiten\/wp-content\/uploads\/2025\/05\/Gaensekoenigspaar-2025s.jpg 1041w\" sizes=\"auto, (max-width: 635px) 100vw, 635px\" \/><\/p>\n","protected":false},"excerpt":{"rendered":"<p>AKTUELLES!!! Neues G\u00e4nsek\u00f6nigspaar 2025: Andreas &#8222;Jone&#8220; Jonescheit schlug die Gans ab und w\u00e4hlte Jenny Bianga zu seiner K\u00f6nigin.<\/p>\n","protected":false},"author":4,"featured_media":0,"parent":118,"menu_order":0,"comment_status":"closed","ping_status":"closed","template":"page-full-width.php","meta":{"footnotes":""},"class_list":["post-120","page","type-page","status-publish","hentry"],"_links":{"self":[{"href":"https:\/\/bsvdeilinghofen.de\/Neuigkeiten\/wp-json\/wp\/v2\/pages\/120","targetHints":{"allow":["GET"]}}],"collection":[{"href":"https:\/\/bsvdeilinghofen.de\/Neuigkeiten\/wp-json\/wp\/v2\/pages"}],"about":[{"href":"https:\/\/bsvdeilinghofen.de\/Neuigkeiten\/wp-json\/wp\/v2\/types\/page"}],"author":[{"embeddable":true,"href":"https:\/\/bsvdeilinghofen.de\/Neuigkeiten\/wp-json\/wp\/v2\/users\/4"}],"replies":[{"embeddable":true,"href":"https:\/\/bsvdeilinghofen.de\/Neuigkeiten\/wp-json\/wp\/v2\/comments?post=120"}],"version-history":[{"count":7,"href":"https:\/\/bsvdeilinghofen.de\/Neuigkeiten\/wp-json\/wp\/v2\/pages\/120\/revisions"}],"predecessor-version":[{"id":4257,"href":"https:\/\/bsvdeilinghofen.de\/Neuigkeiten\/wp-json\/wp\/v2\/pages\/120\/revisions\/4257"}],"up":[{"embeddable":true,"href":"https:\/\/bsvdeilinghofen.de\/Neuigkeiten\/wp-json\/wp\/v2\/pages\/118"}],"wp:attachment":[{"href":"https:\/\/bsvdeilinghofen.de\/Neuigkeiten\/wp-json\/wp\/v2\/media?parent=120"}],"curies":[{"name":"wp","href":"https:\/\/api.w.org\/{rel}","templated":true}]}}